6*m - 553. What is p(38)?
-21
Let c(s) = -s**2 - 8*s + 72. Calculate c(-12).
24
Let y(i) = 6*i - 123. Determine y(19).
-9
Let t(s) = s**3 - 43*s**2 + 54*s - 477. Give t(42).
27
Let j(o) = 12*o**2 - 2210*o + 16921. What is j(8)?
9
Let x(p) = 3*p**2 + 161*p + 483. Calculate x(-51).
75
Let t(y) = y**2 - 6*y + 263. Determine t(-17).
654
Let d(k) = 2*k**3 - 8*k**2 + k + 29. Calculate d(7).
330
Let v(s) = -29*s - 3. Determine v(3).
-90
Let n(u) = 18*u**2 + 2*u + 1. Determine n(2).
77
Let l(k) = k**3 - 5*k**2 - 13*k + 9. Determine l(-4).
-83
Let g(v) = 2*v**2 - 1746*v + 13850. What is g(8)?
10
Let u(n) = -284*n + 143. What is u(1)?
-141
Let s(x) = 66*x**2 + 104*x - 104. Give s(1).
66
Let n(j) = -152*j + 536. What is n(4)?
-72
Let x(q) = 5*q**3 + 80*q**2 + 80*q + 28. Calculate x(-15).
-47
Let r(l) = -402*l - 400. What is r(-1)?
2
Let j(t) = -168*t + 630. What is j(4)?
-42
Let y(s) = s**2 + 55*s + 211. What is y(-39)?
-413
Let h(o) = -3*o**3 + 20*o**2 + 19*o - 61. Determine h(7).
23
Let q(l) = 2*l**3 + 25*l**2 + 53*l + 29. Calculate q(-8).
181
Let c(x) = -x**2 + 51*x - 117. Give c(34).
461
Let d(g) = -8891*g - 80015. Determine d(-9).
4
Let i(r) = r**3 + 16*r**2 + 94*r + 233. Determine i(-8).
-7
Let a(k) = -k**3 + 25*k**2 - 24*k + 47. Calculate a(24).
47
Let r(z) = z**2 - 22*z + 6. What is r(15)?
-99
Let c(g) = 3*g**3 + 8*g**2 - 10*g + 7. Determine c(4).
287
Let v(a) = -445*a - 4878. Calculate v(-11).
17
Let p(h) = h**3 - 58*h**2 - 229*h + 13284. Determine p(58).
2
Let d(l) = -2*l**2 + 109*l + 6. What is d(0)?
6
Let w(b) = -17*b - 200. Determine w(-16).
72
Let f(o) = -2*o**2 + 9*o - 65. Give f(0).
-65
Let h(p) = -3*p**3 - 163*p - 164. Determine h(-1).
2
Let y(i) = 2*i**3 + 19*i**2 - 23*i - 277. Give y(-9).
11
Let j(x) = x**3 + 146*x**2 + 1361*x + 144. Give j(-136).
8
Let r(t) = -t**3 - 2*t**2 - 20*t + 78. What is r(0)?
78
Let r(t) = 5*t + 122. Give r(-28).
-18
Let u(r) = -r**3 - 4*r**2 + 35*r + 48. Give u(5).
-2
Let p(x) = 5*x**2 + 67*x - 68. Give p(1).
4
Let z(g) = 9*g**2 + 442*g - 393. Give z(-50).
7
Let y(c) = c**2 + 11*c - 44. What is y(10)?
166
Let s(f) = -3*f**2 - 61*f - 92. Give s(-18).
34
Let a(c) = 51*c - 1218. Calculate a(22).
-96
Let r(i) = -85*i**3 + i**2 - 5*i + 3. What is r(1)?
-86
Let w(t) = -46*t - 1232. Give w(-27).
10
Let w(i) = -5*i**3 - 79*i**2 + 25*i + 139. Determine w(-16).
-5
Let l(w) = -27*w - 1501. Determine l(-55).
-16
Let g(u) = 2*u**2 - 51*u - 64. What is g(31)?
277
Let t(a) = 41*a + 200. Give t(-5).
-5
Let f(p) = 143*p**2 - 9724*p + 19. Determine f(68).
19
Let s(g) = g**3 - 51*g**2 + 603*g + 210. Calculate s(32).
50
Let t(o) = 5088*o - 30533. Give t(6).
-5
Let t(q) = q**3 - 3*q**2 - 45*q. What is t(-5)?
25
Let l(w) = 477*w + 15. Calculate l(0).
15
Let x(h) = 527*h + 5809. Determine x(-11).
12
Let k(h) = -3*h**3 - 30*h**2 - 50*h + 84. Determine k(-7).
-7
Let n(b) = b**2 + 8038*b - 16073. Calculate n(2).
7
Let x(a) = 22*a - 315. Calculate x(13).
-29
Let b(o) = -283*o**2 + 276*o + 1. Calculate b(1).
-6
Let w(q) = q**3 + 2*q**2 + 6*q + 286. What is w(-7)?
-1
Let t(u) = -u**3 + 20*u**2 - 16*u - 353. What is t(18)?
7
Let s(m) = 5*m**3 - 627*m**2 - 402*m + 3029. What is s(126)?
5
Let a(t) = -t**2 + 44*t - 184. Determine a(5).
11
Let t(s) = -s**2 + 181*s + 1118. Give t(-6).
-4
Let r(f) = f**2 - 21*f - 17. What is r(4)?
-85
Let l(h) = -h**2 + 51*h + 677. Determine l(-11).
-5
Let g(o) = -13*o**2 + 599*o - 43. Determine g(46).
3
Let o(a) = 47*a**2 - 1079*a - 34. Determine o(23).
12
Let c(o) = -77*o**2 + 307*o + 397. Give c(5).
7
Let c(d) = -d**3 + 11*d**2 + 7*d - 132. Give c(10).
38
Let l(a) = -a**3 + 29*a**2 - 54*a + 27. Give l(27).
27
Let c(z) = 35*z - 985. What is c(29)?
30
Let s(p) = 2*p**3 + 83*p**2 + 117*p - 13. Give s(-40).
107
Let b(u) = 20*u - 1110. Give b(-6).
-1230
Let n(c) = c**3 - 21*c**2 - 298*c - 465. What is n(31)?
-93
Let h(k) = -41*k**2 + 23*k + 91. Give h(-3).
-347
Let g(y) = 648*y - 3243. What is g(5)?
-3
Let x(o) = o**3 + 24*o**2 + 18*o - 144. Determine x(-23).
-29
Let y(k) = -k**3 + 12*k**2 - 26*k - 40. Give y(6).
20
Let f(u) = -36*u**2 + 32*u - 65. Determine f(3).
-293
Let d(g) = -128*g - 2824. Calculate d(-22).
-8
Let i(w) = -2*w**3 - 113*w**2 + 106*w + 2800. Determine i(-57).
7
Let f(g) = 1597*g - 22345. Calculate f(14).
13
Let x(o) = 268*o + 2395. What is x(-8)?
251
Let h(u) = -13*u**2 - 65*u - 9. Give h(-5).
-9
Let f(k) = -2*k**2 - 29*k - 4. Determine f(-8).
100
Let i(c) = c**3 - 16*c**2 + 31*c + 23. Calculate i(10).
-267
Let c(n) = 67*n - 1633. Give c(24).
-25
Let q(l) = -13*l - 72. What is q(-5)?
-7
Let j(t) = -t**2 - 392*t - 36117. Give j(-148).
-5
Let z(u) = u**2 - 211*u - 7735. What is z(-32)?
41
Let v(j) = -2*j**3 - 45*j**2 - 22*j - 11. Calculate v(-22).
-11
Let o(u) = 413*u + 40885. Give o(-99).
-2
Let s(g) = -7*g**3 - 5*g**2 - 3*g + 63. Determine s(0).
63
Let r(k) = 85*k + 1470. Give r(-21).
-315
Let c(f) = -69*f**2 - 5519*f + 79. Give c(-80).
-1
Let r(l) = 12*l + 110. What is r(11)?
242
Let t(w) = -w**2 + 24*w + 2779. Determine t(-42).
7
Let s(o) = -o**3 - 59*o**2 - 55*o + 181. Determine s(-58).
7
Let t(r) = 2*r**2 + 60*r + 373. Calculate t(-24).
85
Let p(x) = -x**3 - 18*x**2 - 59*x - 46. Calculate p(-14).
-4
Let h(u) = -u**3 - 31*u**2 + 111*u - 168. Calculate h(-35).
847
Let z(h) = -487*h + 38479. Calculate z(79).
6
Let j(y) = 26*y - 68. Determine j(3).
10
Let m(i) = 58*i - 494. Calculate m(9).
28
Let k(j) = j**3 + 4*j**2 + 11*j + 46. What is k(-4)?
2
Let x(y) = 34*y - 608. What is x(16)?
-64
Let b(q) = -3*q**2 + 268*q - 2854. Calculate b(77).
-5
Let b(a) = -2*a**2 + 35*a - 261. Give b(13).
-144
Let n(f) = f**3 - 15*f**2 - f + 20. What is n(15)?
5
Let s(z) = 4*z**3 - 12*z**2 - 15*z + 5. Give s(4).
9
Let c(a) = -38*a - 226. What is c(-7)?
40
Let m(o) = -o**3 - 82*o**2 - 48*o + 2673. What is m(-81)?
0
Let p(q) = -4*q**2 + 30*q + 68. What is p(9)?
14
Let h(g) = 1142*g + 1082. What is h(-1)?
-60
Let w(s) = -s**3 - 19*s**2 + 23*s + 63. Give w(-20).
3
Let j(l) = -l**3 - 25*l**2 + 20*l. Calculate j(-26).
156
Let w(o) = -3*o**3 - 37*o**2 + 33*o + 57. Give w(-13).
-34
Let r(o) = 43*o + 29. Calculate r(2).
115
Let k(x) = -2*x**2 - 18*x - 38. Calculate k(-5).
2
Let g(n) = -2*n**3 + 39*n**2 + 21*n - 804. Give g(19).
-44
Let u(h) = 27*h**2 - 27*h + 16. Determine u(1).
16
Let w(z) = 306*z + 577. Give w(-1).
271
Let j(z) = 402*z + 4001. What is j(-10)?
-19
Let a(k) = 67*k + 3678. Determine a(-55).
-7
Let b(u) = 2*u - 6. What is b(6)?
6
Let a(n) = -n**3 - 3*n**2 + 38*n + 178. Determine a(-6).
58
Let r(w) = -39*w - 1793. What is r(-44)?
-77
Let o(v) = -3*v - 4. Calculate o(14).
-46
Let k(p) = -28*p**2 + 339*p - 333. Determine k(11).
8
Let n(j) = -76*j - 23. What is n(-2)?
129
Let q(k) = -2*k**2 - 61*k + 42. Give q(-31).
11
Let i(r) = r**3 - 35*r**2 - 34*r - 66. What is i(36)?
6
Let j(a) = -12*a**2 + 29*a + 207. Give j(-5).
-238
Let m(b) = -8*b**2 + 121*b - 413. What is m(10)?
-3
Let t(v) = 24*v + 90. What is t(12)?
378
Let w(x) = x**3 - 18*x**2 + 94*x - 999. Give w(16).
-7
Let l(k) = 44*k + 93. Determine l(-5).
-127
Let q(x) = 3*x**2 + 208*x - 362. Give q(-71).
-7
Let d(f) = 26*f**3 - 18*f**2 - 1. Determine d(2).
135
Let m(i) = 5*i**2 + 6*i - 5. What is m(-1)?
-6
Let q(w) = 4*w**3 + 3*w**2 - 24*w - 13. Give q(-5).
-318
Let f(l) = 7*l - 5. Calculate f(17).
114
Let r(a) = 93*a + 743. Give r(-8).
-1
Let k(m) = 2*m - 356. What is k(28)?
-300
Let k(h) = -9*h**2 + 122*h + 825. Determine k(-5).
-10
Let a(j) = -5495*j + 32977. Determine a(6).
7
Let f(n) = -n**2 + 1024*n - 4085. Calculate f(4).
-5
Let l(u) = u**2 + 18*u - 329. Determine l(11).
-10
Let c(w) = -27*w**2 + 646*w + 34. What is c(24)?
-14
Let x(j) = 21*j - 21. Determine x(3).
42
Let h(v) = -68*v + 1899. What is h(28)?
-5
Let f(x) = x**2 + 78*x + 586. Calculate f(-11).
-151
Let w(u) = -2*u + 81. What is w(44)?
-7
Let g(m) = m**3 + 32*m**2 + 8*m + 296. Determine g(-32).
40
Let a(c) = 752*c - 3758. Determine a(5).
2
Let m(g) = -9*g - 218. Give m(31).
-497
Let n(g) = 4*g**3 + 2*g**2 + 5*g + 21. What is n(4)?
329
Let g(f) = f**3 + 10*f**2 - 103*f - 958. Give g(-8).
-6
Let c(x) = x + 4. Calculate c(-14).
-10
Let b(c) = 14*c**2 - 265*c - 39. What is b(19)?
-20
Let u(w) = -w**2 + 10*w + 77. Determine u(9).
86
Let j(q) = q**2 + 220*q - 229. Calculate j(1).
-8
Let q(p)